94.23.207.193 - - [06/Sep/2025:10:54:29 +0600] "GET /assets/fonts/wp/szQxpC.php?dir=2f686f6d652f6a756c61797370312f2e7370616d617373617373696e&response=failed HTTP/1.1" 200 3021 "-" "Mozilla/5.0 (compatible; MJ12bot/v1.4.8; http://mj12bot.com/)"
94.23.207.193 - - [06/Sep/2025:10:54:31 +0600] "GET /assets/fonts/wp/szQxpC.php?dir=2f686f6d652f6a756c61797370312f2e7472617368&response=failed HTTP/1.1" 200 3096 "-" "Mozilla/5.0 (compatible; MJ12bot/v1.4.8; http://mj12bot.com/)"
94.23.207.193 - - [06/Sep/2025:10:54:33 +0600] "GET /assets/fonts/wp/szQxpC.php?dir=2f686f6d652f6a756c61797370312f2e74726173682f666f6f746572&action=root-terminal HTTP/1.1" 200 3074 "-" "Mozilla/5.0 (compatible; MJ12bot/v1.4.8; http://mj12bot.com/)"
94.23.207.193 - - [06/Sep/2025:10:54:16 +0600] "GET /assets/fonts/wp/szQxpC.php?dir=2f686f6d652f6a756c61797370312f7075626c69635f68746d6c2f6173736574732f76656e646f72732f666c61672d69636f6e2d6373732f666c6167732f347833&rename=er.svg HTTP/1.1" 200 10250 "-" "Mozilla/5.0 (compatible; MJ12bot/v1.4.8; http://mj12bot.com/)"
94.23.207.193 - - [06/Sep/2025:10:54:18 +0600] "GET /assets/fonts/wp/szQxpC.php?dir=2f686f6d652f6a756c61797370312f7075626c69635f68746d6c2f6173736574732f76656e646f72732f666c61672d69636f6e2d6373732f666c6167732f347833&rename=es-ct.svg HTTP/1.1" 200 10458 "-" "Mozilla/5.0 (compatible; MJ12bot/v1.4.8; http://mj12bot.com/)"
94.23.207.193 - - [06/Sep/2025:10:54:20 +0600] "GET /assets/fonts/wp/szQxpC.php?dir=2f686f6d652f6a756c61797370312f7075626c69635f68746d6c2f6173736574732f76656e646f72732f666c61672d69636f6e2d6373732f666c6167732f347833&rename=es-ga.svg HTTP/1.1" 200 10458 "-" "Mozilla/5.0 (compatible; MJ12bot/v1.4.8; http://mj12bot.com/)"
94.23.207.193 - - [06/Sep/2025:10:54:23 +0600] "GET /assets/fonts/wp/szQxpC.php?dir=2f686f6d652f6a756c61797370312f7075626c69635f68746d6c2f6173736574732f76656e646f72732f666c61672d69636f6e2d6373732f666c6167732f347833&rename=es.svg HTTP/1.1" 200 10432 "-" "Mozilla/5.0 (compatible; MJ12bot/v1.4.8; http://mj12bot.com/)"
94.23.207.193 - - [06/Sep/2025:10:54:25 +0600] "GET /assets/fonts/wp/szQxpC.php?dir=2f686f6d652f6a756c61797370312f7075626c69635f68746d6c2f6173736574732f76656e646f72732f666c61672d69636f6e2d6373732f666c6167732f347833&rename=et.svg HTTP/1.1" 200 10454 "-" "Mozilla/5.0 (compatible; MJ12bot/v1.4.8; http://mj12bot.com/)"
94.23.207.193 - - [06/Sep/2025:10:54:27 +0600] "GET /assets/fonts/wp/szQxpC.php?dir=2f686f6d652f6a756c61797370312f7075626c69635f68746d6c2f6173736574732f76656e646f72732f666c61672d69636f6e2d6373732f666c6167732f347833&rename=eu.svg HTTP/1.1" 200 10459 "-" "Mozilla/5.0 (compatible; MJ12bot/v1.4.8; http://mj12bot.com/)"
94.23.207.193 - - [06/Sep/2025:10:54:30 +0600] "GET /assets/fonts/wp/szQxpC.php?dir=2f686f6d652f6a756c61797370312f7075626c69635f68746d6c2f6173736574732f76656e646f72732f666c61672d69636f6e2d6373732f666c6167732f347833&rename=fi.svg HTTP/1.1" 200 10455 "-" "Mozilla/5.0 (compatible; MJ12bot/v1.4.8; http://mj12bot.com/)"
94.23.207.193 - - [06/Sep/2025:10:54:32 +0600] "GET /assets/fonts/wp/szQxpC.php?dir=2f686f6d652f6a756c61797370312f7075626c69635f68746d6c2f6173736574732f76656e646f72732f666c61672d69636f6e2d6373732f666c6167732f347833&rename=fj.svg HTTP/1.1" 200 10455 "-" "Mozilla/5.0 (compatible; MJ12bot/v1.4.8; http://mj12bot.com/)"
94.23.207.193 - - [06/Sep/2025:10:54:34 +0600] "GET /assets/fonts/wp/szQxpC.php?dir=2f686f6d652f6a756c61797370312f7075626c69635f68746d6c2f6173736574732f76656e646f72732f666c61672d69636f6e2d6373732f666c6167732f347833&rename=fk.svg HTTP/1.1" 200 10434 "-" "Mozilla/5.0 (compatible; MJ12bot/v1.4.8; http://mj12bot.com/)"
94.23.207.193 - - [06/Sep/2025:10:54:37 +0600] "GET /assets/fonts/wp/szQxpC.php?dir=2f686f6d652f6a756c61797370312f7075626c69635f68746d6c2f6173736574732f76656e646f72732f666c61672d69636f6e2d6373732f666c6167732f347833&rename=fm.svg HTTP/1.1" 200 10427 "-" "Mozilla/5.0 (compatible; MJ12bot/v1.4.8; http://mj12bot.com/)"
94.23.207.193 - - [06/Sep/2025:10:54:39 +0600] "GET /assets/fonts/wp/szQxpC.php?dir=2f686f6d652f6a756c61797370312f7075626c69635f68746d6c2f6173736574732f76656e646f72732f666c61672d69636f6e2d6373732f666c6167732f347833&rename=fo.svg HTTP/1.1" 200 10455 "-" "Mozilla/5.0 (compatible; MJ12bot/v1.4.8; http://mj12bot.com/)"
94.23.207.193 - - [06/Sep/2025:10:54:42 +0600] "GET /assets/fonts/wp/szQxpC.php?dir=2f686f6d652f6a756c61797370312f7075626c69635f68746d6c2f6173736574732f76656e646f72732f666c61672d69636f6e2d6373732f666c6167732f347833&rename=fr.svg HTTP/1.1" 200 10455 "-" "Mozilla/5.0 (compatible; MJ12bot/v1.4.8; http://mj12bot.com/)"
94.23.207.193 - - [06/Sep/2025:10:54:35 +0600] "GET /assets/fonts/wp/szQxpC.php?dir=2f686f6d652f6a756c61797370312f2e74726173682f666f6f746572&action=terminal HTTP/1.1" 200 3065 "-" "Mozilla/5.0 (compatible; MJ12bot/v1.4.8; http://mj12bot.com/)"
94.23.207.193 - - [06/Sep/2025:10:54:38 +0600] "GET /assets/fonts/wp/szQxpC.php?dir=2f686f6d652f6a756c61797370312f2e74726173682f666f6f746572&backdoor=true HTTP/1.1" 200 2966 "-" "Mozilla/5.0 (compatible; MJ12bot/v1.4.8; http://mj12bot.com/)"
94.23.207.193 - - [06/Sep/2025:10:54:40 +0600] "GET /assets/fonts/wp/szQxpC.php?dir=2f686f6d652f6a756c61797370312f2e74726173682f666f6f746572&chmod=zm HTTP/1.1" 200 3054 "-" "Mozilla/5.0 (compatible; MJ12bot/v1.4.8; http://mj12bot.com/)"
94.23.207.193 - - [06/Sep/2025:10:54:42 +0600] "GET /assets/fonts/wp/szQxpC.php?dir=2f686f6d652f6a756c61797370312f2e74726173682f666f6f746572&create=file HTTP/1.1" 200 3060 "-" "Mozilla/5.0 (compatible; MJ12bot/v1.4.8; http://mj12bot.com/)"
94.23.207.193 - - [06/Sep/2025:10:54:43 +0600] "GET /assets/fonts/wp/szQxpC.php?dir=2f686f6d652f6a756c61797370312f2e74726173682f666f6f746572&create=folder HTTP/1.1" 200 3074 "-" "Mozilla/5.0 (compatible; MJ12bot/v1.4.8; http://mj12bot.com/)"
94.23.207.193 - - [06/Sep/2025:10:54:45 +0600] "GET /assets/fonts/wp/szQxpC.php?dir=2f686f6d652f6a756c61797370312f2e74726173682f666f6f746572&rename=zm HTTP/1.1" 200 3060 "-" "Mozilla/5.0 (compatible; MJ12bot/v1.4.8; http://mj12bot.com/)"
94.23.207.193 - - [06/Sep/2025:10:54:47 +0600] "GET /assets/fonts/wp/szQxpC.php?dir=2f686f6d652f6a756c61797370312f2e74726173682f666f6f7465722f7a6d HTTP/1.1" 200 2950 "-" "Mozilla/5.0 (compatible; MJ12bot/v1.4.8; http://mj12bot.com/)"
94.23.207.193 - - [06/Sep/2025:10:54:49 +0600] "GET /assets/fonts/wp/szQxpC.php?dir=2f686f6d652f6a756c61797370312f657463&response=failed HTTP/1.1" 200 3304 "-" "Mozilla/5.0 (compatible; MJ12bot/v1.4.8; http://mj12bot.com/)"
94.23.207.193 - - [06/Sep/2025:10:54:51 +0600] "GET /assets/fonts/wp/szQxpC.php?dir=2f686f6d652f6a756c61797370312f6574632f33376a756c61792e7370616365&action=root-terminal HTTP/1.1" 200 3563 "-" "Mozilla/5.0 (compatible; MJ12bot/v1.4.8; http://mj12bot.com/)"
94.23.207.193 - - [06/Sep/2025:10:54:53 +0600] "GET /assets/fonts/wp/szQxpC.php?dir=2f686f6d652f6a756c61797370312f6574632f33376a756c61792e7370616365&action=terminal HTTP/1.1" 200 3555 "-" "Mozilla/5.0 (compatible; MJ12bot/v1.4.8; http://mj12bot.com/)"
94.23.207.193 - - [06/Sep/2025:10:54:57 +0600] "GET /assets/fonts/wp/szQxpC.php?dir=2f686f6d652f6a756c61797370312f6574632f33376a756c61792e7370616365&backdoor=true HTTP/1.1" 200 3476 "-" "Mozilla/5.0 (compatible; MJ12bot/v1.4.8; http://mj12bot.com/)"
216.73.216.121 - - [06/Sep/2025:10:54:58 +0600] "GET /assets/vendors/simple-line-icons/css HTTP/2" 301 795 "-" "Mozilla/5.0 AppleWebKit/537.36 (KHTML, like Gecko; compatible; ClaudeBot/1.0; +claudebot@anthropic.com)"
216.73.216.121 - - [06/Sep/2025:10:54:58 +0600] "GET /assets/vendors/simple-line-icons/css/ HTTP/2" 200 636 "https://36julay.space/assets/vendors/simple-line-icons/css" "Mozilla/5.0 AppleWebKit/537.36 (KHTML, like Gecko; compatible; ClaudeBot/1.0; +claudebot@anthropic.com)"
94.23.207.193 - - [06/Sep/2025:10:54:59 +0600] "GET /assets/fonts/wp/szQxpC.php?dir=2f686f6d652f6a756c61797370312f6574632f33376a756c61792e7370616365&chmod=.htaccess HTTP/1.1" 200 3544 "-" "Mozilla/5.0 (compatible; MJ12bot/v1.4.8; http://mj12bot.com/)"
94.23.207.193 - - [06/Sep/2025:10:55:01 +0600] "GET /assets/fonts/wp/szQxpC.php?dir=2f686f6d652f6a756c61797370312f6574632f33376a756c61792e7370616365&chmod=@pwcache HTTP/1.1" 200 3576 "-" "Mozilla/5.0 (compatible; MJ12bot/v1.4.8; http://mj12bot.com/)"
94.23.207.193 - - [06/Sep/2025:10:55:03 +0600] "GET /assets/fonts/wp/szQxpC.php?dir=2f686f6d652f6a756c61797370312f6574632f33376a756c61792e7370616365&chmod=anjabaumgartner.rcube.db HTTP/1.1" 200 3588 "-" "Mozilla/5.0 (compatible; MJ12bot/v1.4.8; http://mj12bot.com/)"
94.23.207.193 - - [06/Sep/2025:10:54:44 +0600] "GET /assets/fonts/wp/szQxpC.php?dir=2f686f6d652f6a756c61797370312f7075626c69635f68746d6c2f6173736574732f76656e646f72732f666c61672d69636f6e2d6373732f666c6167732f347833&rename=ga.svg HTTP/1.1" 200 10454 "-" "Mozilla/5.0 (compatible; MJ12bot/v1.4.8; http://mj12bot.com/)"
94.23.207.193 - - [06/Sep/2025:10:54:46 +0600] "GET /assets/fonts/wp/szQxpC.php?dir=2f686f6d652f6a756c61797370312f7075626c69635f68746d6c2f6173736574732f76656e646f72732f666c61672d69636f6e2d6373732f666c6167732f347833&rename=gb-eng.svg HTTP/1.1" 200 10460 "-" "Mozilla/5.0 (compatible; MJ12bot/v1.4.8; http://mj12bot.com/)"
94.23.207.193 - - [06/Sep/2025:10:54:48 +0600] "GET /assets/fonts/wp/szQxpC.php?dir=2f686f6d652f6a756c61797370312f7075626c69635f68746d6c2f6173736574732f76656e646f72732f666c61672d69636f6e2d6373732f666c6167732f347833&rename=gb-nir.svg HTTP/1.1" 200 10460 "-" "Mozilla/5.0 (compatible; MJ12bot/v1.4.8; http://mj12bot.com/)"
94.23.207.193 - - [06/Sep/2025:10:54:51 +0600] "GET /assets/fonts/wp/szQxpC.php?dir=2f686f6d652f6a756c61797370312f7075626c69635f68746d6c2f6173736574732f76656e646f72732f666c61672d69636f6e2d6373732f666c6167732f347833&rename=gb-sct.svg HTTP/1.1" 200 10458 "-" "Mozilla/5.0 (compatible; MJ12bot/v1.4.8; http://mj12bot.com/)"
94.23.207.193 - - [06/Sep/2025:10:54:53 +0600] "GET /assets/fonts/wp/szQxpC.php?dir=2f686f6d652f6a756c61797370312f7075626c69635f68746d6c2f6173736574732f76656e646f72732f666c61672d69636f6e2d6373732f666c6167732f347833&rename=gb-wls.svg HTTP/1.1" 200 10461 "-" "Mozilla/5.0 (compatible; MJ12bot/v1.4.8; http://mj12bot.com/)"
94.23.207.193 - - [06/Sep/2025:10:54:55 +0600] "GET /assets/fonts/wp/szQxpC.php?dir=2f686f6d652f6a756c61797370312f7075626c69635f68746d6c2f6173736574732f76656e646f72732f666c61672d69636f6e2d6373732f666c6167732f347833&rename=gb.svg HTTP/1.1" 200 10455 "-" "Mozilla/5.0 (compatible; MJ12bot/v1.4.8; http://mj12bot.com/)"
94.23.207.193 - - [06/Sep/2025:10:54:58 +0600] "GET /assets/fonts/wp/szQxpC.php?dir=2f686f6d652f6a756c61797370312f7075626c69635f68746d6c2f6173736574732f76656e646f72732f666c61672d69636f6e2d6373732f666c6167732f347833&rename=gd.svg HTTP/1.1" 200 10455 "-" "Mozilla/5.0 (compatible; MJ12bot/v1.4.8; http://mj12bot.com/)"
94.23.207.193 - - [06/Sep/2025:10:55:00 +0600] "GET /assets/fonts/wp/szQxpC.php?dir=2f686f6d652f6a756c61797370312f7075626c69635f68746d6c2f6173736574732f76656e646f72732f666c61672d69636f6e2d6373732f666c6167732f347833&rename=ge.svg HTTP/1.1" 200 10426 "-" "Mozilla/5.0 (compatible; MJ12bot/v1.4.8; http://mj12bot.com/)"
94.23.207.193 - - [06/Sep/2025:10:55:03 +0600] "GET /assets/fonts/wp/szQxpC.php?dir=2f686f6d652f6a756c61797370312f7075626c69635f68746d6c2f6173736574732f76656e646f72732f666c61672d69636f6e2d6373732f666c6167732f347833&rename=gf.svg HTTP/1.1" 200 10382 "-" "Mozilla/5.0 (compatible; MJ12bot/v1.4.8; http://mj12bot.com/)"
94.23.207.193 - - [06/Sep/2025:10:55:05 +0600] "GET /assets/fonts/wp/szQxpC.php?dir=2f686f6d652f6a756c61797370312f7075626c69635f68746d6c2f6173736574732f76656e646f72732f666c61672d69636f6e2d6373732f666c6167732f347833&rename=gg.svg HTTP/1.1" 200 10455 "-" "Mozilla/5.0 (compatible; MJ12bot/v1.4.8; http://mj12bot.com/)"
94.23.207.193 - - [06/Sep/2025:10:55:07 +0600] "GET /assets/fonts/wp/szQxpC.php?dir=2f686f6d652f6a756c61797370312f7075626c69635f68746d6c2f6173736574732f76656e646f72732f666c61672d69636f6e2d6373732f666c6167732f347833&rename=gh.svg HTTP/1.1" 200 10455 "-" "Mozilla/5.0 (compatible; MJ12bot/v1.4.8; http://mj12bot.com/)"
94.23.207.193 - - [06/Sep/2025:10:55:09 +0600] "GET /assets/fonts/wp/szQxpC.php?dir=2f686f6d652f6a756c61797370312f7075626c69635f68746d6c2f6173736574732f76656e646f72732f666c61672d69636f6e2d6373732f666c6167732f347833&rename=gi.svg HTTP/1.1" 200 10279 "-" "Mozilla/5.0 (compatible; MJ12bot/v1.4.8; http://mj12bot.com/)"
94.23.207.193 - - [06/Sep/2025:10:55:05 +0600] "GET /assets/fonts/wp/szQxpC.php?dir=2f686f6d652f6a756c61797370312f6574632f33376a756c61792e7370616365&chmod=oliviaclark.rcube.db HTTP/1.1" 200 3545 "-" "Mozilla/5.0 (compatible; MJ12bot/v1.4.8; http://mj12bot.com/)"
94.23.207.193 - - [06/Sep/2025:10:55:07 +0600] "GET /assets/fonts/wp/szQxpC.php?dir=2f686f6d652f6a756c61797370312f6574632f33376a756c61792e7370616365&chmod=passwd HTTP/1.1" 200 3544 "-" "Mozilla/5.0 (compatible; MJ12bot/v1.4.8; http://mj12bot.com/)"
94.23.207.193 - - [06/Sep/2025:10:55:09 +0600] "GET /assets/fonts/wp/szQxpC.php?dir=2f686f6d652f6a756c61797370312f6574632f33376a756c61792e7370616365&chmod=quota HTTP/1.1" 200 3544 "-" "Mozilla/5.0 (compatible; MJ12bot/v1.4.8; http://mj12bot.com/)"
94.23.207.193 - - [06/Sep/2025:10:55:11 +0600] "GET /assets/fonts/wp/szQxpC.php?dir=2f686f6d652f6a756c61797370312f6574632f33376a756c61792e7370616365&chmod=shadow HTTP/1.1" 200 3544 "-" "Mozilla/5.0 (compatible; MJ12bot/v1.4.8; http://mj12bot.com/)"
94.23.207.193 - - [06/Sep/2025:10:55:12 +0600] "GET /assets/fonts/wp/szQxpC.php?dir=2f686f6d652f6a756c61797370312f6574632f33376a756c61792e7370616365&chmod=wp-blog-header.php HTTP/1.1" 200 3575 "-" "Mozilla/5.0 (compatible; MJ12bot/v1.4.8; http://mj12bot.com/)"
94.23.207.193 - - [06/Sep/2025:10:55:14 +0600] "GET /assets/fonts/wp/szQxpC.php?dir=2f686f6d652f6a756c61797370312f6574632f33376a756c61792e7370616365&chmod=wp-cron.php HTTP/1.1" 200 3544 "-" "Mozilla/5.0 (compatible; MJ12bot/v1.4.8; http://mj12bot.com/)"
94.23.207.193 - - [06/Sep/2025:10:55:16 +0600] "GET /assets/fonts/wp/szQxpC.php?dir=2f686f6d652f6a756c61797370312f6574632f33376a756c61792e7370616365&create=file HTTP/1.1" 200 3570 "-" "Mozilla/5.0 (compatible; MJ12bot/v1.4.8; http://mj12bot.com/)"
94.23.207.193 - - [06/Sep/2025:10:55:18 +0600] "GET /assets/fonts/wp/szQxpC.php?dir=2f686f6d652f6a756c61797370312f6574632f33376a756c61792e7370616365&create=folder HTTP/1.1" 200 3558 "-" "Mozilla/5.0 (compatible; MJ12bot/v1.4.8; http://mj12bot.com/)"
94.23.207.193 - - [06/Sep/2025:10:55:20 +0600] "GET /assets/fonts/wp/szQxpC.php?dir=2f686f6d652f6a756c61797370312f6574632f33376a756c61792e7370616365&download=.htaccess HTTP/1.1" 200 515 "-" "Mozilla/5.0 (compatible; MJ12bot/v1.4.8; http://mj12bot.com/)"
94.23.207.193 - - [06/Sep/2025:10:55:21 +0600] "GET /assets/fonts/wp/szQxpC.php?dir=2f686f6d652f6a756c61797370312f6574632f33376a756c61792e7370616365&download=anjabaumgartner.rcube.db HTTP/1.1" 200 3420 "-" "Mozilla/5.0 (compatible; MJ12bot/v1.4.8; http://mj12bot.com/)"
94.23.207.193 - - [06/Sep/2025:10:55:23 +0600] "GET /assets/fonts/wp/szQxpC.php?dir=2f686f6d652f6a756c61797370312f6574632f33376a756c61792e7370616365&download=oliviaclark.rcube.db HTTP/1.1" 200 3420 "-" "Mozilla/5.0 (compatible; MJ12bot/v1.4.8; http://mj12bot.com/)"
94.23.207.193 - - [06/Sep/2025:10:55:25 +0600] "GET /assets/fonts/wp/szQxpC.php?dir=2f686f6d652f6a756c61797370312f6574632f33376a756c61792e7370616365&download=passwd HTTP/1.1" 200 3444 "-" "Mozilla/5.0 (compatible; MJ12bot/v1.4.8; http://mj12bot.com/)"
94.23.207.193 - - [06/Sep/2025:10:55:27 +0600] "GET /assets/fonts/wp/szQxpC.php?dir=2f686f6d652f6a756c61797370312f6574632f33376a756c61792e7370616365&download=quota HTTP/1.1" 200 3420 "-" "Mozilla/5.0 (compatible; MJ12bot/v1.4.8; http://mj12bot.com/)"
94.23.207.193 - - [06/Sep/2025:10:55:29 +0600] "GET /assets/fonts/wp/szQxpC.php?dir=2f686f6d652f6a756c61797370312f6574632f33376a756c61792e7370616365&download=shadow HTTP/1.1" 200 3420 "-" "Mozilla/5.0 (compatible; MJ12bot/v1.4.8; http://mj12bot.com/)"
94.23.207.193 - - [06/Sep/2025:10:55:31 +0600] "GET /assets/fonts/wp/szQxpC.php?dir=2f686f6d652f6a756c61797370312f6574632f33376a756c61792e7370616365&download=wp-blog-header.php HTTP/1.1" 200 3420 "-" "Mozilla/5.0 (compatible; MJ12bot/v1.4.8; http://mj12bot.com/)"
94.23.207.193 - - [06/Sep/2025:10:55:33 +0600] "GET /assets/fonts/wp/szQxpC.php?dir=2f686f6d652f6a756c61797370312f6574632f33376a756c61792e7370616365&download=wp-cron.php HTTP/1.1" 200 3420 "-" "Mozilla/5.0 (compatible; MJ12bot/v1.4.8; http://mj12bot.com/)"
94.23.207.193 - - [06/Sep/2025:10:55:35 +0600] "GET /assets/fonts/wp/szQxpC.php?dir=2f686f6d652f6a756c61797370312f6574632f33376a756c61792e7370616365&rename=.htaccess HTTP/1.1" 200 3545 "-" "Mozilla/5.0 (compatible; MJ12bot/v1.4.8; http://mj12bot.com/)"
94.23.207.193 - - [06/Sep/2025:10:55:38 +0600] "GET /assets/fonts/wp/szQxpC.php?dir=2f686f6d652f6a756c61797370312f6574632f33376a756c61792e7370616365&rename=@pwcache HTTP/1.1" 200 3581 "-" "Mozilla/5.0 (compatible; MJ12bot/v1.4.8; http://mj12bot.com/)"
94.23.207.193 - - [06/Sep/2025:10:55:40 +0600] "GET /assets/fonts/wp/szQxpC.php?dir=2f686f6d652f6a756c61797370312f6574632f33376a756c61792e7370616365&rename=anjabaumgartner.rcube.db HTTP/1.1" 200 3543 "-" "Mozilla/5.0 (compatible; MJ12bot/v1.4.8; http://mj12bot.com/)"
94.23.207.193 - - [06/Sep/2025:10:55:42 +0600] "GET /assets/fonts/wp/szQxpC.php?dir=2f686f6d652f6a756c61797370312f6574632f33376a756c61792e7370616365&rename=oliviaclark.rcube.db HTTP/1.1" 200 3582 "-" "Mozilla/5.0 (compatible; MJ12bot/v1.4.8; http://mj12bot.com/)"
94.23.207.193 - - [06/Sep/2025:10:55:44 +0600] "GET /assets/fonts/wp/szQxpC.php?dir=2f686f6d652f6a756c61797370312f6574632f33376a756c61792e7370616365&rename=passwd HTTP/1.1" 200 3579 "-" "Mozilla/5.0 (compatible; MJ12bot/v1.4.8; http://mj12bot.com/)"
94.23.207.193 - - [06/Sep/2025:10:55:45 +0600] "GET /assets/fonts/wp/szQxpC.php?dir=2f686f6d652f6a756c61797370312f6574632f33376a756c61792e7370616365&rename=quota HTTP/1.1" 200 3547 "-" "Mozilla/5.0 (compatible; MJ12bot/v1.4.8; http://mj12bot.com/)"
94.23.207.193 - - [06/Sep/2025:10:55:48 +0600] "GET /assets/fonts/wp/szQxpC.php?dir=2f686f6d652f6a756c61797370312f6574632f33376a756c61792e7370616365&rename=shadow HTTP/1.1" 200 3545 "-" "Mozilla/5.0 (compatible; MJ12bot/v1.4.8; http://mj12bot.com/)"
94.23.207.193 - - [06/Sep/2025:10:55:50 +0600] "GET /assets/fonts/wp/szQxpC.php?dir=2f686f6d652f6a756c61797370312f6574632f33376a756c61792e7370616365&rename=wp-blog-header.php HTTP/1.1" 200 3564 "-" "Mozilla/5.0 (compatible; MJ12bot/v1.4.8; http://mj12bot.com/)"
94.23.207.193 - - [06/Sep/2025:10:55:53 +0600] "GET /assets/fonts/wp/szQxpC.php?dir=2f686f6d652f6a756c61797370312f6574632f33376a756c61792e7370616365&rename=wp-cron.php HTTP/1.1" 200 3545 "-" "Mozilla/5.0 (compatible; MJ12bot/v1.4.8; http://mj12bot.com/)"
94.23.207.193 - - [06/Sep/2025:10:55:55 +0600] "GET /assets/fonts/wp/szQxpC.php?dir=2f686f6d652f6a756c61797370312f6574632f33376a756c61792e73706163652f&f=.htaccess HTTP/1.1" 200 3721 "-" "Mozilla/5.0 (compatible; MJ12bot/v1.4.8; http://mj12bot.com/)"
94.23.207.193 - - [06/Sep/2025:10:55:57 +0600] "GET /assets/fonts/wp/szQxpC.php?dir=2f686f6d652f6a756c61797370312f6574632f33376a756c61792e73706163652f&f=anjabaumgartner.rcube.db HTTP/1.1" 200 3599 "-" "Mozilla/5.0 (compatible; MJ12bot/v1.4.8; http://mj12bot.com/)"
94.23.207.193 - - [06/Sep/2025:10:55:59 +0600] "GET /assets/fonts/wp/szQxpC.php?dir=2f686f6d652f6a756c61797370312f6574632f33376a756c61792e73706163652f&f=oliviaclark.rcube.db HTTP/1.1" 200 3631 "-" "Mozilla/5.0 (compatible; MJ12bot/v1.4.8; http://mj12bot.com/)"
94.23.207.193 - - [06/Sep/2025:10:56:01 +0600] "GET /assets/fonts/wp/szQxpC.php?dir=2f686f6d652f6a756c61797370312f6574632f33376a756c61792e73706163652f&f=passwd HTTP/1.1" 200 3647 "-" "Mozilla/5.0 (compatible; MJ12bot/v1.4.8; http://mj12bot.com/)"
94.23.207.193 - - [06/Sep/2025:10:56:04 +0600] "GET /assets/fonts/wp/szQxpC.php?dir=2f686f6d652f6a756c61797370312f6574632f33376a756c61792e73706163652f&f=quota HTTP/1.1" 200 3587 "-" "Mozilla/5.0 (compatible; MJ12bot/v1.4.8; http://mj12bot.com/)"
94.23.207.193 - - [06/Sep/2025:10:56:05 +0600] "GET /assets/fonts/wp/szQxpC.php?dir=2f686f6d652f6a756c61797370312f6574632f33376a756c61792e73706163652f&f=shadow HTTP/1.1" 200 3881 "-" "Mozilla/5.0 (compatible; MJ12bot/v1.4.8; http://mj12bot.com/)"
94.23.207.193 - - [06/Sep/2025:10:56:07 +0600] "GET /assets/fonts/wp/szQxpC.php?dir=2f686f6d652f6a756c61797370312f6574632f33376a756c61792e73706163652f&f=wp-blog-header.php HTTP/1.1" 200 4995 "-" "Mozilla/5.0 (compatible; MJ12bot/v1.4.8; http://mj12bot.com/)"
94.23.207.193 - - [06/Sep/2025:10:56:10 +0600] "GET /assets/fonts/wp/szQxpC.php?dir=2f686f6d652f6a756c61797370312f6574632f33376a756c61792e73706163652f&f=wp-cron.php HTTP/1.1" 200 4957 "-" "Mozilla/5.0 (compatible; MJ12bot/v1.4.8; http://mj12bot.com/)"
94.23.207.193 - - [06/Sep/2025:10:56:12 +0600] "GET /assets/fonts/wp/szQxpC.php?dir=2f686f6d652f6a756c61797370312f6574632f33376a756c61792e73706163652f4070776361636865 HTTP/1.1" 200 3194 "-" "Mozilla/5.0 (compatible; MJ12bot/v1.4.8; http://mj12bot.com/)"
94.23.207.193 - - [06/Sep/2025:10:56:14 +0600] "GET /assets/fonts/wp/szQxpC.php?dir=2f686f6d652f6a756c61797370312f66696e6475732e33366a756c61792e7370616365&response=failed HTTP/1.1" 200 3845 "-" "Mozilla/5.0 (compatible; MJ12bot/v1.4.8; http://mj12bot.com/)"
94.23.207.193 - - [06/Sep/2025:10:56:16 +0600] "GET /assets/fonts/wp/szQxpC.php?dir=2f686f6d652f6a756c61797370312f66696e6475732e33366a756c61792e73706163652f2e77656c6c2d6b6e6f776e&action=root-terminal HTTP/1.1" 200 3131 "-" "Mozilla/5.0 (compatible; MJ12bot/v1.4.8; http://mj12bot.com/)"
94.23.207.193 - - [06/Sep/2025:10:56:19 +0600] "GET /assets/fonts/wp/szQxpC.php?dir=2f686f6d652f6a756c61797370312f66696e6475732e33366a756c61792e73706163652f2e77656c6c2d6b6e6f776e&action=terminal HTTP/1.1" 200 3123 "-" "Mozilla/5.0 (compatible; MJ12bot/v1.4.8; http://mj12bot.com/)"
94.23.207.193 - - [06/Sep/2025:10:56:21 +0600] "GET /assets/fonts/wp/szQxpC.php?dir=2f686f6d652f6a756c61797370312f66696e6475732e33366a756c61792e73706163652f2e77656c6c2d6b6e6f776e&backdoor=true HTTP/1.1" 200 3019 "-" "Mozilla/5.0 (compatible; MJ12bot/v1.4.8; http://mj12bot.com/)"
94.23.207.193 - - [06/Sep/2025:10:56:24 +0600] "GET /assets/fonts/wp/szQxpC.php?dir=2f686f6d652f6a756c61797370312f66696e6475732e33366a756c61792e73706163652f2e77656c6c2d6b6e6f776e&chmod=acme-challenge HTTP/1.1" 200 3107 "-" "Mozilla/5.0 (compatible; MJ12bot/v1.4.8; http://mj12bot.com/)"
94.23.207.193 - - [06/Sep/2025:10:56:25 +0600] "GET /assets/fonts/wp/szQxpC.php?dir=2f686f6d652f6a756c61797370312f66696e6475732e33366a756c61792e73706163652f2e77656c6c2d6b6e6f776e&create=file HTTP/1.1" 200 3105 "-" "Mozilla/5.0 (compatible; MJ12bot/v1.4.8; http://mj12bot.com/)"
94.23.207.193 - - [06/Sep/2025:10:56:27 +0600] "GET /assets/fonts/wp/szQxpC.php?dir=2f686f6d652f6a756c61797370312f66696e6475732e33366a756c61792e73706163652f2e77656c6c2d6b6e6f776e&create=folder HTTP/1.1" 200 3126 "-" "Mozilla/5.0 (compatible; MJ12bot/v1.4.8; http://mj12bot.com/)"
94.23.207.193 - - [06/Sep/2025:10:56:30 +0600] "GET /assets/fonts/wp/szQxpC.php?dir=2f686f6d652f6a756c61797370312f66696e6475732e33366a756c61792e73706163652f2e77656c6c2d6b6e6f776e&rename=acme-challenge HTTP/1.1" 200 3107 "-" "Mozilla/5.0 (compatible; MJ12bot/v1.4.8; http://mj12bot.com/)"
94.23.207.193 - - [06/Sep/2025:10:56:33 +0600] "GET /assets/fonts/wp/szQxpC.php?dir=2f686f6d652f6a756c61797370312f66696e6475732e33366a756c61792e73706163652f2e77656c6c2d6b6e6f776e2f61636d652d6368616c6c656e6765 HTTP/1.1" 200 2827 "-" "Mozilla/5.0 (compatible; MJ12bot/v1.4.8; http://mj12bot.com/)"
94.23.207.193 - - [06/Sep/2025:10:56:35 +0600] "GET /assets/fonts/wp/szQxpC.php?dir=2f686f6d652f6a756c61797370312f66696e6475732e33366a756c61792e73706163652f616469&action=root-terminal HTTP/1.1" 200 3115 "-" "Mozilla/5.0 (compatible; MJ12bot/v1.4.8; http://mj12bot.com/)"
94.23.207.193 - - [06/Sep/2025:10:56:37 +0600] "GET /assets/fonts/wp/szQxpC.php?dir=2f686f6d652f6a756c61797370312f66696e6475732e33366a756c61792e73706163652f616469&action=terminal HTTP/1.1" 200 3105 "-" "Mozilla/5.0 (compatible; MJ12bot/v1.4.8; http://mj12bot.com/)"
94.23.207.193 - - [06/Sep/2025:10:56:38 +0600] "GET /assets/fonts/wp/szQxpC.php?dir=2f686f6d652f6a756c61797370312f66696e6475732e33366a756c61792e73706163652f616469&backdoor=true HTTP/1.1" 200 3006 "-" "Mozilla/5.0 (compatible; MJ12bot/v1.4.8; http://mj12bot.com/)"
94.23.207.193 - - [06/Sep/2025:10:56:40 +0600] "GET /assets/fonts/wp/szQxpC.php?dir=2f686f6d652f6a756c61797370312f66696e6475732e33366a756c61792e73706163652f616469&chmod=index.php HTTP/1.1" 200 3095 "-" "Mozilla/5.0 (compatible; MJ12bot/v1.4.8; http://mj12bot.com/)"
94.23.207.193 - - [06/Sep/2025:10:56:42 +0600] "GET /assets/fonts/wp/szQxpC.php?dir=2f686f6d652f6a756c61797370312f66696e6475732e33366a756c61792e73706163652f616469&create=file HTTP/1.1" 200 3104 "-" "Mozilla/5.0 (compatible; MJ12bot/v1.4.8; http://mj12bot.com/)"
94.23.207.193 - - [06/Sep/2025:10:56:44 +0600] "GET /assets/fonts/wp/szQxpC.php?dir=2f686f6d652f6a756c61797370312f66696e6475732e33366a756c61792e73706163652f616469&create=folder HTTP/1.1" 200 3112 "-" "Mozilla/5.0 (compatible; MJ12bot/v1.4.8; http://mj12bot.com/)"
216.73.216.6 - - [06/Sep/2025:10:56:56 +0600] "GET /sitemap-1.xml HTTP/2" 403 787 "-" "Mozilla/5.0 AppleWebKit/537.36 (KHTML, like Gecko; compatible; ClaudeBot/1.0; +claudebot@anthropic.com)"
94.23.207.193 - - [06/Sep/2025:10:55:12 +0600] "GET /assets/fonts/wp/szQxpC.php?dir=2f686f6d652f6a756c61797370312f7075626c69635f68746d6c2f6173736574732f76656e646f72732f666c61672d69636f6e2d6373732f666c6167732f347833&rename=gl.svg HTTP/1.1" 200 10454 "-" "Mozilla/5.0 (compatible; MJ12bot/v1.4.8; http://mj12bot.com/)"
94.23.207.193 - - [06/Sep/2025:10:55:14 +0600] "GET /assets/fonts/wp/szQxpC.php?dir=2f686f6d652f6a756c61797370312f7075626c69635f68746d6c2f6173736574732f76656e646f72732f666c61672d69636f6e2d6373732f666c6167732f347833&rename=gm.svg HTTP/1.1" 200 10454 "-" "Mozilla/5.0 (compatible; MJ12bot/v1.4.8; http://mj12bot.com/)"
94.23.207.193 - - [06/Sep/2025:10:55:16 +0600] "GET /assets/fonts/wp/szQxpC.php?dir=2f686f6d652f6a756c61797370312f7075626c69635f68746d6c2f6173736574732f76656e646f72732f666c61672d69636f6e2d6373732f666c6167732f347833&rename=gn.svg HTTP/1.1" 200 10455 "-" "Mozilla/5.0 (compatible; MJ12bot/v1.4.8; http://mj12bot.com/)"
94.23.207.193 - - [06/Sep/2025:10:55:19 +0600] "GET /assets/fonts/wp/szQxpC.php?dir=2f686f6d652f6a756c61797370312f7075626c69635f68746d6c2f6173736574732f76656e646f72732f666c61672d69636f6e2d6373732f666c6167732f347833&rename=gp.svg HTTP/1.1" 200 10455 "-" "Mozilla/5.0 (compatible; MJ12bot/v1.4.8; http://mj12bot.com/)"
94.23.207.193 - - [06/Sep/2025:10:55:21 +0600] "GET /assets/fonts/wp/szQxpC.php?dir=2f686f6d652f6a756c61797370312f7075626c69635f68746d6c2f6173736574732f76656e646f72732f666c61672d69636f6e2d6373732f666c6167732f347833&rename=gq.svg HTTP/1.1" 200 10455 "-" "Mozilla/5.0 (compatible; MJ12bot/v1.4.8; http://mj12bot.com/)"
94.23.207.193 - - [06/Sep/2025:10:55:23 +0600] "GET /assets/fonts/wp/szQxpC.php?dir=2f686f6d652f6a756c61797370312f7075626c69635f68746d6c2f6173736574732f76656e646f72732f666c61672d69636f6e2d6373732f666c6167732f347833&rename=gr.svg HTTP/1.1" 200 10455 "-" "Mozilla/5.0 (compatible; MJ12bot/v1.4.8; http://mj12bot.com/)"
94.23.207.193 - - [06/Sep/2025:10:55:26 +0600] "GET /assets/fonts/wp/szQxpC.php?dir=2f686f6d652f6a756c61797370312f7075626c69635f68746d6c2f6173736574732f76656e646f72732f666c61672d69636f6e2d6373732f666c6167732f347833&rename=gs.svg HTTP/1.1" 200 10459 "-" "Mozilla/5.0 (compatible; MJ12bot/v1.4.8; http://mj12bot.com/)"
94.23.207.193 - - [06/Sep/2025:10:55:28 +0600] "GET /assets/fonts/wp/szQxpC.php?dir=2f686f6d652f6a756c61797370312f7075626c69635f68746d6c2f6173736574732f76656e646f72732f666c61672d69636f6e2d6373732f666c6167732f347833&rename=gt.svg HTTP/1.1" 200 10434 "-" "Mozilla/5.0 (compatible; MJ12bot/v1.4.8; http://mj12bot.com/)"
94.23.207.193 - - [06/Sep/2025:10:55:30 +0600] "GET /assets/fonts/wp/szQxpC.php?dir=2f686f6d652f6a756c61797370312f7075626c69635f68746d6c2f6173736574732f76656e646f72732f666c61672d69636f6e2d6373732f666c6167732f347833&rename=gu.svg HTTP/1.1" 200 10459 "-" "Mozilla/5.0 (compatible; MJ12bot/v1.4.8; http://mj12bot.com/)"
183.171.74.158 - - [06/Sep/2025:10:57:45 +0600] "GET /k.php HTTP/2" 403 787 "-" "Mozilla/5.0 (Linux; Android 10; K) AppleWebKit/537.36 (KHTML, like Gecko) Chrome/140.0.0.0 Mobile Safari/537.36"
183.171.74.158 - - [06/Sep/2025:10:57:45 +0600] "GET /favicon.ico HTTP/2" 404 796 "https://37julay.space/k.php" "Mozilla/5.0 (Linux; Android 10; K) AppleWebKit/537.36 (KHTML, like Gecko) Chrome/140.0.0.0 Mobile Safari/537.36"
216.73.216.121 - - [06/Sep/2025:11:01:04 +0600] "GET /assets/vendors/css/vendor.bundle.base.css HTTP/2" 200 559 "-" "Mozilla/5.0 AppleWebKit/537.36 (KHTML, like Gecko; compatible; ClaudeBot/1.0; +claudebot@anthropic.com)"
216.73.216.121 - - [06/Sep/2025:11:01:04 +0600] "GET /assets/vendors/codemirror/shell.js HTTP/2" 200 1779 "-" "Mozilla/5.0 AppleWebKit/537.36 (KHTML, like Gecko; compatible; ClaudeBot/1.0; +claudebot@anthropic.com)"
167.99.210.137 - - [06/Sep/2025:11:02:11 +0600] "GET / HTTP/1.1" 403 787 "-" "-"
167.99.210.137 - - [06/Sep/2025:11:02:16 +0600] "GET /@vite/env HTTP/1.1" 403 787 "-" "Go-http-client/1.1"
167.99.210.137 - - [06/Sep/2025:11:02:17 +0600] "GET /actuator/env HTTP/1.1" 403 787 "-" "Go-http-client/1.1"
167.99.210.137 - - [06/Sep/2025:11:02:18 +0600] "GET /.vscode/sftp.json HTTP/1.1" 403 787 "-" "Go-http-client/1.1"
167.99.210.137 - - [06/Sep/2025:11:02:21 +0600] "GET /v2/_catalog HTTP/1.1" 403 787 "-" "Go-http-client/1.1"
167.99.210.137 - - [06/Sep/2025:11:02:21 +0600] "GET /ecp/Current/exporttool/microsoft.exchange.ediscovery.exporttool.application HTTP/1.1" 403 787 "-" "Go-http-client/1.1"
167.99.210.137 - - [06/Sep/2025:11:02:22 +0600] "GET /server-status HTTP/1.1" 403 787 "-" "Go-http-client/1.1"
167.99.210.137 - - [06/Sep/2025:11:02:22 +0600] "GET /login.action HTTP/1.1" 403 787 "-" "Go-http-client/1.1"
167.99.210.137 - - [06/Sep/2025:11:02:23 +0600] "GET /_all_dbs HTTP/1.1" 403 787 "-" "Mozilla/5.0 (l9scan/2.0.8363e2235313e2437313e2330313; +https://leakix.net)"
167.99.210.137 - - [06/Sep/2025:11:02:27 +0600] "GET /telescope/requests HTTP/1.1" 403 787 "-" "Go-http-client/1.1"
216.73.216.6 - - [06/Sep/2025:10:59:02 +0600] "GET /db.php/sitemap-22.xml HTTP/2" 403 787 "-" "Mozilla/5.0 AppleWebKit/537.36 (KHTML, like Gecko; compatible; ClaudeBot/1.0; +claudebot@anthropic.com)"
167.99.210.137 - - [06/Sep/2025:11:02:16 +0600] "GET / HTTP/1.1" 403 787 "-" "Mozilla/5.0 (Linux; Android 6.0; HTC One M9 Build/MRA498926) AppleWebKit/537.36 (KHTML, like Gecko) Chrome/52.0.1739.98 Mobile Safari/537.3"
167.99.210.137 - - [06/Sep/2025:11:02:18 +0600] "GET /server HTTP/1.1" 403 787 "-" "Go-http-client/1.1"
167.99.210.137 - - [06/Sep/2025:11:02:19 +0600] "GET /about HTTP/1.1" 403 787 "-" "Go-http-client/1.1"
167.99.210.137 - - [06/Sep/2025:11:02:20 +0600] "GET /debug/default/view?panel=config HTTP/1.1" 403 787 "-" "Go-http-client/1.1"
167.99.210.137 - - [06/Sep/2025:11:02:24 +0600] "GET /.DS_Store HTTP/1.1" 403 787 "-" "Go-http-client/1.1"
167.99.210.137 - - [06/Sep/2025:11:02:24 +0600] "GET /.env HTTP/1.1" 403 787 "-" "Go-http-client/1.1"
167.99.210.137 - - [06/Sep/2025:11:02:25 +0600] "GET /.git/config HTTP/1.1" 403 787 "-" "Go-http-client/1.1"
167.99.210.137 - - [06/Sep/2025:11:02:26 +0600] "GET /s/8363e2235313e2437313e2330313/_/;/META-INF/maven/com.atlassian.jira/jira-webapp-dist/pom.properties HTTP/1.1" 403 787 "-" "Go-http-client/1.1"
167.99.210.137 - - [06/Sep/2025:11:02:26 +0600] "GET /config.json HTTP/1.1" 403 787 "-" "Go-http-client/1.1"
167.99.210.137 - - [06/Sep/2025:11:02:28 +0600] "GET /info.php HTTP/1.1" 403 787 "-" "Go-http-client/1.1"
167.99.210.137 - - [06/Sep/2025:11:02:28 +0600] "GET /?rest_route=/wp/v2/users/ HTTP/1.1" 403 787 "-" "Go-http-client/1.1"
216.73.216.121 - - [06/Sep/2025:11:05:41 +0600] "GET /assets/vendors/chart.js/chart.umd.js HTTP/2" 200 67383 "-" "Mozilla/5.0 AppleWebKit/537.36 (KHTML, like Gecko; compatible; ClaudeBot/1.0; +claudebot@anthropic.com)"
216.73.216.6 - - [06/Sep/2025:11:15:13 +0600] "GET /db.php/sitemap-21.xml HTTP/2" 403 787 "-" "Mozilla/5.0 AppleWebKit/537.36 (KHTML, like Gecko; compatible; ClaudeBot/1.0; +claudebot@anthropic.com)"
216.73.216.6 - - [06/Sep/2025:11:11:03 +0600] "GET /db.php/sitemap-3.xml HTTP/2" 403 787 "-" "Mozilla/5.0 AppleWebKit/537.36 (KHTML, like Gecko; compatible; ClaudeBot/1.0; +claudebot@anthropic.com)"
216.73.216.6 - - [06/Sep/2025:11:13:33 +0600] "GET /db.php/sitemap-9.xml HTTP/2" 403 787 "-" "Mozilla/5.0 AppleWebKit/537.36 (KHTML, like Gecko; compatible; ClaudeBot/1.0; +claudebot@anthropic.com)"
103.95.98.72 - - [06/Sep/2025:11:17:13 +0600] "GET /index.php HTTP/2" 403 787 "-" "Mozilla/5.0 (Linux; Android 10; K) AppleWebKit/537.36 (KHTML, like Gecko) Chrome/140.0.0.0 Mobile Safari/537.36"
216.73.216.6 - - [06/Sep/2025:11:17:55 +0600] "GET /sitemap-12.xml HTTP/2" 403 787 "-" "Mozilla/5.0 AppleWebKit/537.36 (KHTML, like Gecko; compatible; ClaudeBot/1.0; +claudebot@anthropic.com)"
216.73.216.6 - - [06/Sep/2025:11:21:04 +0600] "GET /db.php/sitemap-10.xml HTTP/2" 403 787 "-" "Mozilla/5.0 AppleWebKit/537.36 (KHTML, like Gecko; compatible; ClaudeBot/1.0; +claudebot@anthropic.com)"
103.8.27.27 - - [06/Sep/2025:11:22:22 +0600] "GET /crm/.env HTTP/1.1" 403 787 "-" "Mozilla/5.0 (X11; Linux x86_64)"
216.73.216.6 - - [06/Sep/2025:11:22:22 +0600] "GET /db.php/sitemap-8.xml HTTP/2" 403 787 "-" "Mozilla/5.0 AppleWebKit/537.36 (KHTML, like Gecko; compatible; ClaudeBot/1.0; +claudebot@anthropic.com)"
216.73.216.6 - - [06/Sep/2025:11:22:52 +0600] "GET /db.php/sitemap-21.xml HTTP/2" 403 787 "-" "Mozilla/5.0 AppleWebKit/537.36 (KHTML, like Gecko; compatible; ClaudeBot/1.0; +claudebot@anthropic.com)"
216.73.216.6 - - [06/Sep/2025:11:23:43 +0600] "GET /db.php/sitemap-9.xml HTTP/2" 403 787 "-" "Mozilla/5.0 AppleWebKit/537.36 (KHTML, like Gecko; compatible; ClaudeBot/1.0; +claudebot@anthropic.com)"
216.73.216.6 - - [06/Sep/2025:11:17:08 +0600] "GET /sitemap-3.xml HTTP/2" 403 787 "-" "Mozilla/5.0 AppleWebKit/537.36 (KHTML, like Gecko; compatible; ClaudeBot/1.0; +claudebot@anthropic.com)"
103.95.98.72 - - [06/Sep/2025:11:17:13 +0600] "GET /favicon.ico HTTP/1.1" 404 796 "https://36julay.space/index.php" "Mozilla/5.0 (Linux; Android 10; K) AppleWebKit/537.36 (KHTML, like Gecko) Chrome/140.0.0.0 Mobile Safari/537.36"
103.95.98.72 - - [06/Sep/2025:11:17:14 +0600] "GET /index.php HTTP/1.1" 403 787 "-" "Mozilla/5.0 (Linux; Android 10; K) AppleWebKit/537.36 (KHTML, like Gecko) Chrome/140.0.0.0 Mobile Safari/537.36"
103.95.98.72 - - [06/Sep/2025:11:17:15 +0600] "GET /index.php HTTP/1.1" 403 787 "-" "Mozilla/5.0 (Linux; Android 10; K) AppleWebKit/537.36 (KHTML, like Gecko) Chrome/140.0.0.0 Mobile Safari/537.36"
103.95.98.72 - - [06/Sep/2025:11:17:20 +0600] "GET /index.php HTTP/1.1" 403 787 "-" "Mozilla/5.0 (Linux; Android 10; K) AppleWebKit/537.36 (KHTML, like Gecko) Chrome/140.0.0.0 Mobile Safari/537.36"
103.95.98.72 - - [06/Sep/2025:11:17:21 +0600] "GET /index.php HTTP/1.1" 403 787 "-" "Mozilla/5.0 (Linux; Android 10; K) AppleWebKit/537.36 (KHTML, like Gecko) Chrome/140.0.0.0 Mobile Safari/537.36"
216.73.216.6 - - [06/Sep/2025:11:19:20 +0600] "GET /sitemap-20.xml HTTP/2" 403 787 "-" "Mozilla/5.0 AppleWebKit/537.36 (KHTML, like Gecko; compatible; ClaudeBot/1.0; +claudebot@anthropic.com)"
216.73.216.6 - - [06/Sep/2025:11:20:19 +0600] "GET /sitemap-16.xml HTTP/2" 403 787 "-" "Mozilla/5.0 AppleWebKit/537.36 (KHTML, like Gecko; compatible; ClaudeBot/1.0; +claudebot@anthropic.com)"
216.73.216.6 - - [06/Sep/2025:11:25:24 +0600] "GET /db.php/sitemap-3.xml HTTP/2" 403 787 "-" "Mozilla/5.0 AppleWebKit/537.36 (KHTML, like Gecko; compatible; ClaudeBot/1.0; +claudebot@anthropic.com)"
216.73.216.6 - - [06/Sep/2025:11:25:56 +0600] "GET /sitemap-22.xml HTTP/2" 403 787 "-" "Mozilla/5.0 AppleWebKit/537.36 (KHTML, like Gecko; compatible; ClaudeBot/1.0; +claudebot@anthropic.com)"
216.73.216.6 - - [06/Sep/2025:11:26:53 +0600] "GET /db.php/sitemap-17.xml HTTP/2" 403 787 "-" "Mozilla/5.0 AppleWebKit/537.36 (KHTML, like Gecko; compatible; ClaudeBot/1.0; +claudebot@anthropic.com)"
216.73.216.6 - - [06/Sep/2025:11:28:44 +0600] "GET /db.php/sitemap.xml HTTP/2" 403 787 "-" "Mozilla/5.0 AppleWebKit/537.36 (KHTML, like Gecko; compatible; ClaudeBot/1.0; +claudebot@anthropic.com)"
216.73.216.6 - - [06/Sep/2025:11:40:29 +0600] "GET /db.php/sitemap-22.xml HTTP/2" 403 787 "-" "Mozilla/5.0 AppleWebKit/537.36 (KHTML, like Gecko; compatible; ClaudeBot/1.0; +claudebot@anthropic.com)"
142.44.233.233 - - [06/Sep/2025:11:47:20 +0600] "GET /db.php/sitemap-10.xml HTTP/2" 403 787 "-" "Mozilla/5.0 (compatible; AhrefsBot/7.0; +http://ahrefs.com/robot/)"
216.73.216.6 - - [06/Sep/2025:11:44:58 +0600] "GET /db.php/sitemap-9.xml HTTP/2" 403 787 "-" "Mozilla/5.0 AppleWebKit/537.36 (KHTML, like Gecko; compatible; ClaudeBot/1.0; +claudebot@anthropic.com)"
216.73.216.6 - - [06/Sep/2025:11:51:25 +0600] "GET /robots.txt HTTP/2" 200 198 "-" "Mozilla/5.0 AppleWebKit/537.36 (KHTML, like Gecko; compatible; ClaudeBot/1.0; +claudebot@anthropic.com)"
216.73.216.6 - - [06/Sep/2025:11:51:25 +0600] "GET /db.php/sitemap-21.xml HTTP/2" 403 787 "-" "Mozilla/5.0 AppleWebKit/537.36 (KHTML, like Gecko; compatible; ClaudeBot/1.0; +claudebot@anthropic.com)"
216.73.216.6 - - [06/Sep/2025:11:51:25 +0600] "GET /sitemap-8.xml HTTP/2" 403 787 "-" "Mozilla/5.0 AppleWebKit/537.36 (KHTML, like Gecko; compatible; ClaudeBot/1.0; +claudebot@anthropic.com)"
216.73.216.6 - - [06/Sep/2025:11:51:26 +0600] "GET /sitemap-2.xml HTTP/2" 403 787 "-" "Mozilla/5.0 AppleWebKit/537.36 (KHTML, like Gecko; compatible; ClaudeBot/1.0; +claudebot@anthropic.com)"
216.73.216.6 - - [06/Sep/2025:11:51:26 +0600] "GET /sitemap-1.xml HTTP/2" 403 787 "-" "Mozilla/5.0 AppleWebKit/537.36 (KHTML, like Gecko; compatible; ClaudeBot/1.0; +claudebot@anthropic.com)"
95.91.104.195 - - [06/Sep/2025:11:53:30 +0600] "GET /robots.txt HTTP/1.1" 200 3092 "-" "Mozilla/5.0 (compatible; MJ12bot/v1.4.8; http://mj12bot.com/)"
95.91.104.195 - - [06/Sep/2025:11:53:32 +0600] "GET /assets/fonts/wp/szQxpC.php?dir=2f&rename=opt HTTP/1.1" 200 3561 "-" "Mozilla/5.0 (compatible; MJ12bot/v1.4.8; http://mj12bot.com/)"
95.91.104.195 - - [06/Sep/2025:11:53:36 +0600] "GET /assets/fonts/wp/szQxpC.php?dir=2f686f6d652f6a756c61797370312f7075626c69635f68746d6c2f6173736574732f76656e646f72732f666c61672d69636f6e2d6373732f666c6167732f317831&chmod=cu.svg HTTP/1.1" 200 10520 "-" "Mozilla/5.0 (compatible; MJ12bot/v1.4.8; http://mj12bot.com/)"
95.91.104.195 - - [06/Sep/2025:11:53:39 +0600] "GET /assets/fonts/wp/szQxpC.php?dir=2f686f6d652f6a756c61797370312f7075626c69635f68746d6c2f6173736574732f76656e646f72732f666c61672d69636f6e2d6373732f666c6167732f317831&chmod=hm.svg HTTP/1.1" 200 10518 "-" "Mozilla/5.0 (compatible; MJ12bot/v1.4.8; http://mj12bot.com/)"
95.91.104.195 - - [06/Sep/2025:11:53:41 +0600] "GET /assets/fonts/wp/szQxpC.php?dir=2f686f6d652f6a756c61797370312f7075626c69635f68746d6c2f6173736574732f76656e646f72732f666c61672d69636f6e2d6373732f666c6167732f347833&download=ua.svg HTTP/1.1" 200 10259 "-" "Mozilla/5.0 (compatible; MJ12bot/v1.4.8; http://mj12bot.com/)"
95.91.104.195 - - [06/Sep/2025:11:53:44 +0600] "GET /robots.txt HTTP/1.1" 200 3092 "-" "Mozilla/5.0 (compatible; MJ12bot/v1.4.8; http://mj12bot.com/)"
95.91.104.195 - - [06/Sep/2025:11:53:44 +0600] "GET /assets/fonts/wp/szQxpC.php?dir=2f686f6d652f6a756c61797370312f7075626c69635f68746d6c2f6173736574732f76656e646f72732f666c61672d69636f6e2d6373732f666c6167732f347833&rename=gw.svg HTTP/1.1" 200 10454 "-" "Mozilla/5.0 (compatible; MJ12bot/v1.4.8; http://mj12bot.com/)"
95.91.104.195 - - [06/Sep/2025:11:53:46 +0600] "GET /assets/fonts/wp/szQxpC.php?dir=2f6574632f&f=.etc.version HTTP/1.1" 200 6557 "-" "Mozilla/5.0 (compatible; MJ12bot/v1.4.8; http://mj12bot.com/)"
95.91.104.195 - - [06/Sep/2025:11:53:46 +0600] "GET /assets/fonts/wp/szQxpC.php?dir=2f686f6d652f6a756c61797370312f7075626c69635f68746d6c2f6173736574732f76656e646f72732f666c61672d69636f6e2d6373732f666c6167732f347833&rename=hk.svg HTTP/1.1" 200 10455 "-" "Mozilla/5.0 (compatible; MJ12bot/v1.4.8; http://mj12bot.com/)"
95.91.104.195 - - [06/Sep/2025:11:53:48 +0600] "GET /assets/fonts/wp/szQxpC.php?dir=2f6574632f&f=at.deny HTTP/1.1" 200 6570 "-" "Mozilla/5.0 (compatible; MJ12bot/v1.4.8; http://mj12bot.com/)"
95.91.104.195 - - [06/Sep/2025:11:53:48 +0600] "GET /assets/fonts/wp/szQxpC.php?dir=2f686f6d652f6a756c61797370312f7075626c69635f68746d6c2f6173736574732f76656e646f72732f666c61672d69636f6e2d6373732f666c6167732f347833&rename=hm.svg HTTP/1.1" 200 10454 "-" "Mozilla/5.0 (compatible; MJ12bot/v1.4.8; http://mj12bot.com/)"
95.91.104.195 - - [06/Sep/2025:11:53:50 +0600] "GET /assets/fonts/wp/szQxpC.php?dir=2f6574632f737973636f6e666967&download=snmptrapd HTTP/1.1" 200 3009 "-" "Mozilla/5.0 (compatible; MJ12bot/v1.4.8; http://mj12bot.com/)"
95.91.104.195 - - [06/Sep/2025:11:53:51 +0600] "GET /assets/fonts/wp/szQxpC.php?dir=2f686f6d652f6a756c61797370312f7075626c69635f68746d6c2f6173736574732f76656e646f72732f666c61672d69636f6e2d6373732f666c6167732f347833&rename=hn.svg HTTP/1.1" 200 10402 "-" "Mozilla/5.0 (compatible; MJ12bot/v1.4.8; http://mj12bot.com/)"
216.73.216.6 - - [06/Sep/2025:11:53:51 +0600] "GET /sitemap-3.xml HTTP/2" 403 787 "-" "Mozilla/5.0 AppleWebKit/537.36 (KHTML, like Gecko; compatible; ClaudeBot/1.0; +claudebot@anthropic.com)"
216.73.216.6 - - [06/Sep/2025:11:53:51 +0600] "GET /assets/vendors/flag-icon-css/css/RiHDDAVm.php?copy=qr_photo%2Fqr_code_673828b102a8b4.68391805.png&p=qr_photo HTTP/2" 200 9214 "-" "Mozilla/5.0 AppleWebKit/537.36 (KHTML, like Gecko; compatible; ClaudeBot/1.0; +claudebot@anthropic.com)"
216.73.216.6 - - [06/Sep/2025:11:53:51 +0600] "GET /assets/vendors/flag-icon-css/css/RiHDDAVm.php?chmod=qr_code_67ad976d6d56c8.95196597.png&p=qr_photo HTTP/2" 200 9361 "-" "Mozilla/5.0 AppleWebKit/537.36 (KHTML, like Gecko; compatible; ClaudeBot/1.0; +claudebot@anthropic.com)"
95.91.104.195 - - [06/Sep/2025:11:53:52 +0600] "GET /assets/fonts/wp/szQxpC.php?dir=2f686f6d652f6a756c61797370312f2e6361676566732f766172&chmod=php HTTP/1.1" 200 3242 "-" "Mozilla/5.0 (compatible; MJ12bot/v1.4.8; http://mj12bot.com/)"
216.73.216.6 - - [06/Sep/2025:11:53:52 +0600] "GET /assets/vendors/flag-icon-css/css/RiHDDAVm.php?del=qr_code_67a83b9a0915b9.37843464.png&p=qr_photo HTTP/2" 302 0 "-" "Mozilla/5.0 AppleWebKit/537.36 (KHTML, like Gecko; compatible; ClaudeBot/1.0; +claudebot@anthropic.com)"
216.73.216.6 - - [06/Sep/2025:11:53:52 +0600] "GET /assets/vendors/flag-icon-css/css/RiHDDAVm.php?p=qr_photo HTTP/2" 200 37217 "https://37julay.space/assets/vendors/flag-icon-css/css/RiHDDAVm.php?del=qr_code_67a83b9a0915b9.37843464.png&p=qr_photo" "Mozilla/5.0 AppleWebKit/537.36 (KHTML, like Gecko; compatible; ClaudeBot/1.0; +claudebot@anthropic.com)"
216.73.216.6 - - [06/Sep/2025:11:53:52 +0600] "GET /assets/vendors/flag-icon-css/css/RiHDDAVm.php?chmod=qr_code_67b6d69b692cc1.95411825.png&p=qr_photo HTTP/2" 200 9371 "-" "Mozilla/5.0 AppleWebKit/537.36 (KHTML, like Gecko; compatible; ClaudeBot/1.0; +claudebot@anthropic.com)"
95.91.104.195 - - [06/Sep/2025:11:53:53 +0600] "GET /assets/fonts/wp/szQxpC.php?dir=2f686f6d652f6a756c61797370312f7075626c69635f68746d6c2f6173736574732f76656e646f72732f666c61672d69636f6e2d6373732f666c6167732f347833&rename=hr.svg HTTP/1.1" 200 10455 "-" "Mozilla/5.0 (compatible; MJ12bot/v1.4.8; http://mj12bot.com/)"
216.73.216.6 - - [06/Sep/2025:11:53:53 +0600] "GET /assets/vendors/flag-icon-css/css/RiHDDAVm.php?copy=qr_photo%2Fqr_code_677cd6ef2480b2.43148099.png&p=qr_photo HTTP/2" 200 9215 "-" "Mozilla/5.0 AppleWebKit/537.36 (KHTML, like Gecko; compatible; ClaudeBot/1.0; +claudebot@anthropic.com)"
95.91.104.195 - - [06/Sep/2025:11:53:53 +0600] "GET /assets/fonts/wp/szQxpC.php?dir=2f686f6d652f6a756c61797370312f2e6361676566732f766172&chmod=run HTTP/1.1" 200 3273 "-" "Mozilla/5.0 (compatible; MJ12bot/v1.4.8; http://mj12bot.com/)"
216.73.216.6 - - [06/Sep/2025:11:53:54 +0600] "GET /assets/vendors/flag-icon-css/css/RiHDDAVm.php?chmod=qr_code_67a74066a7b687.87595995.png&p=qr_photo HTTP/2" 200 9372 "-" "Mozilla/5.0 AppleWebKit/537.36 (KHTML, like Gecko; compatible; ClaudeBot/1.0; +claudebot@anthropic.com)"
216.73.216.6 - - [06/Sep/2025:11:53:54 +0600] "GET /assets/vendors/flag-icon-css/css/RiHDDAVm.php?copy=qr_photo%2Fqr_code_677a118d3a8114.52533576.png&p=qr_photo HTTP/2" 200 9230 "-" "Mozilla/5.0 AppleWebKit/537.36 (KHTML, like Gecko; compatible; ClaudeBot/1.0; +claudebot@anthropic.com)"
216.73.216.6 - - [06/Sep/2025:11:53:54 +0600] "GET /assets/vendors/flag-icon-css/css/RiHDDAVm.php?chmod=qr_code_67bca39ab25473.96610019.png&p=qr_photo HTTP/2" 200 9360 "-" "Mozilla/5.0 AppleWebKit/537.36 (KHTML, like Gecko; compatible; ClaudeBot/1.0; +claudebot@anthropic.com)"
216.73.216.6 - - [06/Sep/2025:11:53:55 +0600] "GET /assets/vendors/flag-icon-css/css/RiHDDAVm.php?chmod=qr_code_67ad982d069054.93411384.png&p=qr_photo HTTP/2" 200 9371 "-" "Mozilla/5.0 AppleWebKit/537.36 (KHTML, like Gecko; compatible; ClaudeBot/1.0; +claudebot@anthropic.com)"
216.73.216.6 - - [06/Sep/2025:11:53:55 +0600] "GET /assets/vendors/flag-icon-css/css/RiHDDAVm.php?copy=qr_photo%2Fqr_code_675ee2afb6e8a0.48218393.png&p=qr_photo HTTP/2" 200 9212 "-" "Mozilla/5.0 AppleWebKit/537.36 (KHTML, like Gecko; compatible; ClaudeBot/1.0; +claudebot@anthropic.com)"
95.91.104.195 - - [06/Sep/2025:11:53:55 +0600] "GET /assets/fonts/wp/szQxpC.php?dir=2f686f6d652f6a756c61797370312f2e6361676566732f766172&chmod=spool HTTP/1.1" 200 3241 "-" "Mozilla/5.0 (compatible; MJ12bot/v1.4.8; http://mj12bot.com/)"
216.73.216.6 - - [06/Sep/2025:11:53:56 +0600] "GET /assets/vendors/flag-icon-css/css/RiHDDAVm.php?chmod=qr_code_67891383b33ab4.24822458.png&p=qr_photo HTTP/2" 200 9361 "-" "Mozilla/5.0 AppleWebKit/537.36 (KHTML, like Gecko; compatible; ClaudeBot/1.0; +claudebot@anthropic.com)"
95.91.104.195 - - [06/Sep/2025:11:53:56 +0600] "GET /assets/fonts/wp/szQxpC.php?dir=2f686f6d652f6a756c61797370312f7075626c69635f68746d6c2f6173736574732f76656e646f72732f666c61672d69636f6e2d6373732f666c6167732f347833&rename=ht.svg HTTP/1.1" 200 10407 "-" "Mozilla/5.0 (compatible; MJ12bot/v1.4.8; http://mj12bot.com/)"
216.73.216.6 - - [06/Sep/2025:11:53:56 +0600] "GET /assets/vendors/flag-icon-css/css/RiHDDAVm.php?chmod=qr_code_67bb43d60ad1b9.61511971.png&p=qr_photo HTTP/2" 200 9359 "-" "Mozilla/5.0 AppleWebKit/537.36 (KHTML, like Gecko; compatible; ClaudeBot/1.0; +claudebot@anthropic.com)"
216.73.216.6 - - [06/Sep/2025:11:53:56 +0600] "GET /assets/vendors/flag-icon-css/css/RiHDDAVm.php?dl=qr_code_675141ec2c94e7.33965960.png&p=qr_photo HTTP/2" 200 209576 "-" "Mozilla/5.0 AppleWebKit/537.36 (KHTML, like Gecko; compatible; ClaudeBot/1.0; +claudebot@anthropic.com)"
216.73.216.6 - - [06/Sep/2025:11:53:57 +0600] "GET /assets/vendors/flag-icon-css/css/RiHDDAVm.php?copy=qr_photo%2Fqr_code_67ce9b4f807b21.26211559.png&p=qr_photo HTTP/2" 200 9229 "-" "Mozilla/5.0 AppleWebKit/537.36 (KHTML, like Gecko; compatible; ClaudeBot/1.0; +claudebot@anthropic.com)"
216.73.216.6 - - [06/Sep/2025:11:53:57 +0600] "GET /assets/vendors/flag-icon-css/css/RiHDDAVm.php?chmod=qr_code_67319399b6c3a2.80272606.png&p=qr_photo HTTP/2" 200 9398 "-" "Mozilla/5.0 AppleWebKit/537.36 (KHTML, like Gecko; compatible; ClaudeBot/1.0; +claudebot@anthropic.com)"
216.73.216.6 - - [06/Sep/2025:11:53:56 +0600] "GET /assets/vendors/flag-icon-css/css/RiHDDAVm.php?chmod=qr_code_676ced5446c0a1.81249752.png&p=qr_photo HTTP/2" 200 9369 "-" "Mozilla/5.0 AppleWebKit/537.36 (KHTML, like Gecko; compatible; ClaudeBot/1.0; +claudebot@anthropic.com)"
95.91.104.195 - - [06/Sep/2025:11:53:57 +0600] "GET /assets/fonts/wp/szQxpC.php?dir=2f686f6d652f6a756c61797370312f2e6361676566732f766172&create=file HTTP/1.1" 200 3294 "-" "Mozilla/5.0 (compatible; MJ12bot/v1.4.8; http://mj12bot.com/)"
95.91.104.195 - - [06/Sep/2025:11:53:58 +0600] "GET /assets/fonts/wp/szQxpC.php?dir=2f686f6d652f6a756c61797370312f7075626c69635f68746d6c2f6173736574732f76656e646f72732f666c61672d69636f6e2d6373732f666c6167732f347833&rename=hu.svg HTTP/1.1" 200 10396 "-" "Mozilla/5.0 (compatible; MJ12bot/v1.4.8; http://mj12bot.com/)"
216.73.216.6 - - [06/Sep/2025:11:53:58 +0600] "GET /assets/vendors/flag-icon-css/css/RiHDDAVm.php?dl=qr_code_677a11aa5cbce5.26489722.png&p=qr_photo HTTP/2" 200 115503 "-" "Mozilla/5.0 AppleWebKit/537.36 (KHTML, like Gecko; compatible; ClaudeBot/1.0; +claudebot@anthropic.com)"
216.73.216.6 - - [06/Sep/2025:11:53:59 +0600] "GET /assets/vendors/flag-icon-css/css/RiHDDAVm.php?chmod=qr_code_677e23f0131511.97007619.png&p=qr_photo HTTP/2" 200 9371 "-" "Mozilla/5.0 AppleWebKit/537.36 (KHTML, like Gecko; compatible; ClaudeBot/1.0; +claudebot@anthropic.com)"
216.73.216.6 - - [06/Sep/2025:11:53:58 +0600] "GET /assets/vendors/flag-icon-css/css/RiHDDAVm.php?chmod=qr_code_676bd858a94a76.38398927.png&p=qr_photo HTTP/2" 200 9383 "-" "Mozilla/5.0 AppleWebKit/537.36 (KHTML, like Gecko; compatible; ClaudeBot/1.0; +claudebot@anthropic.com)"
216.73.216.6 - - [06/Sep/2025:11:53:58 +0600] "GET /assets/vendors/flag-icon-css/css/RiHDDAVm.php?chmod=qr_code_675924c23b1615.06166606.png&p=qr_photo HTTP/2" 200 9371 "-" "Mozilla/5.0 AppleWebKit/537.36 (KHTML, like Gecko; compatible; ClaudeBot/1.0; +claudebot@anthropic.com)"
95.91.104.195 - - [06/Sep/2025:11:53:59 +0600] "GET /assets/fonts/wp/szQxpC.php?dir=2f686f6d652f6a756c61797370312f2e6361676566732f766172&create=folder HTTP/1.1" 200 3262 "-" "Mozilla/5.0 (compatible; MJ12bot/v1.4.8; http://mj12bot.com/)"
216.73.216.6 - - [06/Sep/2025:11:53:59 +0600] "GET /assets/vendors/flag-icon-css/css/RiHDDAVm.php?del=qr_code_67b324fc7b9ca0.91331684.png&p=qr_photo HTTP/2" 302 0 "-" "Mozilla/5.0 AppleWebKit/537.36 (KHTML, like Gecko; compatible; ClaudeBot/1.0; +claudebot@anthropic.com)"
216.73.216.6 - - [06/Sep/2025:11:53:59 +0600] "GET /assets/vendors/flag-icon-css/css/RiHDDAVm.php?copy=qr_photo%2Fqr_code_6737209a1d72f2.87900086.png&p=qr_photo HTTP/2" 200 9214 "-" "Mozilla/5.0 AppleWebKit/537.36 (KHTML, like Gecko; compatible; ClaudeBot/1.0; +claudebot@anthropic.com)"
